of 85?
False
Is 186 a factor of 39096?
False
Is 14 a factor of 488568?
False
Is 27 a factor of 1849554?
True
Does 16 divide 165888?
True
Does 8 divide 2323032?
True
Is 129760 a multiple of 160?
True
Does 41 divide 1555786?
True
Is 166 a factor of 21536883?
False
Is 51 a factor of 1834980?
True
Is 300040 a multiple of 13?
True
Is 22 a factor of 59928?
True
Is 5 a factor of 327635?
True
Is 690501 a multiple of 7?
True
Is 11 a factor of 215986?
False
Is 120768 a multiple of 24?
True
Is 844917 a multiple of 3?
True
Is 3288042 a multiple of 430?
False
Is 375099 a multiple of 291?
True
Is 116 a factor of 67976?
True
Is 982280 a multiple of 366?
False
Does 15 divide 3885?
True
Is 3040 a multiple of 119?
False
Is 325280 a multiple of 76?
True
Is 220 a factor of 488620?
True
Is 110426 a multiple of 2?
True
Does 768 divide 1107456?
True
Is 408 a factor of 3150075?
False
Is 201873 a multiple of 102?
False
Is 779 a factor of 3481331?
False
Is 18 a factor of 3131186?
False
Does 8 divide 708267?
False
Is 11 a factor of 169422?
True
Does 9 divide 198571?
False
Is 540837 a multiple of 27?
True
Is 13145520 a multiple of 91?
False
Is 330 a factor of 324352?
False
Is 50 a factor of 167025?
False
Does 652 divide 818840?
False
Is 1185679 a multiple of 41?
True
Does 85 divide 730065?
True
Is 184 a factor of 110584?
True
Is 9 a factor of 916429?
False
Is 157255 a multiple of 35?
True
Does 773 divide 8961184?
False
Does 186 divide 157848?
False
Is 2750324 a multiple of 101?
False
Is 39 a factor of 106275?
True
Is 71 a factor of 9237972?
False
Is 1609958 a multiple of 362?
False
Is 10 a factor of 340565?
False
Does 143 divide 144692?
False
Does 6 divide 144858?
True
Is 364046 a multiple of 382?
True
Is 2461225 a multiple of 13?
True
Is 15 a factor of 286209?
False
Is 789250 a multiple of 566?
False
Is 422664 a multiple of 33?
True
Does 19 divide 39245?
False
Is 335 a factor of 2443296?
False
Is 87 a factor of 12492?
False
Does 667 divide 627647?
True
Does 13 divide 107578?
False
Does 23 divide 479611?
False
Is 202016 a multiple of 15?
False
Is 67 a factor of 3455726?
True
Does 540 divide 2177010?
False
Is 264683 a multiple of 29?
True
Is 15744915 a multiple of 223?
True
Is 15 a factor of 8236695?
True
Is 19 a factor of 1913262?
True
Is 107 a factor of 85939?
False
Does 15 divide 1516725?
True
Is 322 a factor of 6028390?
False
Is 1368684 a multiple of 874?
True
Does 30 divide 1654980?
True
Is 1414 a factor of 5308156?
True
Does 508 divide 602488?
True
Is 157 a factor of 275692?
True
Is 101 a factor of 124777?
False
Does 48 divide 2083632?
True
Is 146 a factor of 11096?
True
Does 148 divide 1324471?
False
Is 6 a factor of 4824?
True
Does 52 divide 4950400?
True
Does 47 divide 3981276?
True
Is 1187341 a multiple of 1074?
False
Does 111 divide 12657330?
True
Is 24 a factor of 413314?
False
Is 71 a factor of 171374?
False
Does 410 divide 949150?
True
Does 9 divide 583696?
False
Is 18644 a multiple of 6?
False
Is 52 a factor of 4100828?
False
Is 63 a factor of 89712?
True
Is 3 a factor of 5162?
False
Does 17 divide 3487439?
False
Does 21 divide 1331679?
False
Does 65 divide 2875506?
False
Is 15 a factor of 850965?
True
Is 17784800 a multiple of 160?
True
Does 309 divide 270182?
False
Is 7896 a multiple of 14?
True
Is 3110676 a multiple of 318?
True
Is 182559 a multiple of 93?
True
Is 14 a factor of 3233664?
True
Is 11683688 a multiple of 1839?
False
Does 95 divide 5375449?
False
Does 334 divide 517653?
False
Is 515048 a multiple of 647?
False
Is 21 a factor of 277263?
True
Is 82382 a multiple of 17?
True
Is 7 a factor of 1242031?
True
Is 12 a factor of 6134508?
True
Is 24 a factor of 310476?
False
Does 154 divide 140140?
True
Is 6 a factor of 248882?
False
Does 111 divide 6334437?
True
Does 13 divide 103977?
False
Is 1927170 a multiple of 171?
True
Is 321984 a multiple of 468?
True
Does 112 divide 4195520?
True
Does 874 divide 992468?
False
Is 11 a factor of 390830?
True
Is 19968 a multiple of 13?
True
Is 59 a factor of 88264?
True
Is 72 a factor of 376870?
False
Is 2016811 a multiple of 10?
False
Is 247013 a multiple of 396?
False
Is 3 a factor of 10003?
False
Is 527496 a multiple of 372?
True
Is 24 a factor of 1901280?
True
Is 594441 a multiple of 771?
True
Is 3084 a multiple of 24?
False
Does 142 divide 1077832?
False
Is 592 a factor of 8347792?
True
Is 826 a factor of 1185310?
True
Is 212 a factor of 200128?
True
Is 733742 a multiple of 14?
False
Is 14 a factor of 8211630?
True
Does 13 divide 315263?
True
Does 11 divide 53031?
True
Is 88228 a multiple of 161?
True
Does 54 divide 727056?
True
Is 104348 a multiple of 6?
False
Is 1700760 a multiple of 6?
True
Does 269 divide 4530498?
True
Is 13475210 a multiple of 2282?
True
Does 221 divide 54210?
False
Is 3736344 a multiple of 5?
False
Is 354816 a multiple of 32?
True
Is 3231013 a multiple of 20?
False
Is 118 a factor of 85794?
False
Is 17105 a multiple of 55?
True
Does 52 divide 400054?
False
Does 81 divide 2314974?
False
Is 63 a factor of 13031578?
False
Is 88983 a multiple of 7?
False
Does 8 divide 23375?
False
Is 1131868 a multiple of 76?
True
Does 16 divide 3451570?
False
Does 2 divide 456?
True
Does 24 divide 258648?
True
Is 24 a factor of 5439?
False
Is 1892 a factor of 5675490?
False
Is 42 a factor of 4508952?
True
Does 97 divide 3922098?
True
Does 190 divide 3164985?
False
Is 47571 a multiple of 28?
False
Is 10 a factor of 542360?
True
Is 465082 a multiple of 38?
True
Is 22 a factor of 56606?
True
Does 88 divide 109384?
True
Is 562272 a multiple of 14?
False
Is 9243351 a multiple of 19?
False
Is 281 a factor of 175063?
True
Is 44332 a multiple of 114?
False
Is 71 a factor of 6457690?
False
Is 23706624 a multiple of 48?
True
Does 21 divide 28251993?
True
Is 136 a factor of 13242463?
False
Is 582252 a multiple of 44?
True
Is 65880 a multiple of 5?
True
Is 80 a factor of 196080?
True
Is 269 a factor of 520594?
False
Does 11 divide 8146468?
True
Is 118735 a multiple of 13?
False
Does 1815 divide 5504819?
False
Is 248 a factor of 565900?
False
Does 45 divide 2097644?
False
Is 10 a factor of 147910?
True
Is 134560 a multiple of 962?
False
Is 6902 a multiple of 92?
False
Is 223021 a multiple of 35?
False
Does 2 divide 30113?
False
Is 263 a factor of 1545010?
False
Is 327694 a multiple of 10?
False
Is 11413200 a multiple of 600?
True
Is 15 a factor of 148740?
True
Is 149 a factor of 13714705?
True
Is 235 a factor of 4913672?
False
Does 216 divide 449334?
False
Is 3 a factor of 6684?
True
Does 26 divide 45679?
False
Is 40062 a multiple of 66?
True
Does 22 divide 128814?
False
Does 172 divide 35260?
True
Is 969 even?
False
Does 168 divide 351456?
True
Does 93 divide 1693456?
False
Does 29 divide 5313902?
True
Is 9672025 a multiple of 25?
True
Is 167 a factor of 5057094?
True
Is 38250 a multiple of 9?
True
Does 16 divide 2289653?
False
Does 22 divide 553750?
False
Does 27 divide 283338?
True
Is 3815156 a multiple of 149?
False
Is 491902 a multiple of 94?
True
Does 65 divide 3281395?
True
Does 24 divide 238696?
False
Is 64 a factor of 68096?
True
Is 14 a factor of 550970?
True
Does 119 divide 29304?
False
Is 11282 even?
True
Is 17064 a multiple of 79?
True
Does 10 divide 272513?
False
Is 2201672 a multiple of 127?
True
Does 67 divide 104386?
True
Is 79 a factor of 467910?
False
Is 30459 a multiple of 213?
True
Is 188 a factor of 1706288?
True
Is 99144 a multiple of 204?
True
Does 142 divide 413878?
False
Is 40209 a multiple of 3?
True
Is 319910 a multiple of 4?
False
Does 21 divide 5436494?
False
Is 3018851 a multiple of 11?
True
Is 31024759 a multiple of 167?
True
Is 17 a factor of 47494?
False
Is 82 a factor of 1834530?
False
Is 424235 a multiple of 17?
True
Is 3926722 a multiple of 1213?
False
Is 10 a factor of 347220?
True
Is 6182379 a multiple of 7?
True
Does 78 divide 639634?
False
Is 3 a factor of 29692?
False
Is 854 a factor of 1588886?
False
Is 225110 even?
True
Is 74347 a multiple of 301?
True
Does 5 divide 841?
False
Does 254 divide 9425686?
True
Is 20 a factor of 5780?
True
Is 9730790 a multiple of 437?
False
Does 43 divide 405007?
False
Is 710343 a multiple of 378?
False
Is 19 a factor of 3568069?
False
Is 135 a factor of 179463?
False
Is 53680 a multiple of 122?
True
Does 75 divide 1250775?
True
Is 215843 